ermine w(-7).
31
Let g(l) = -l + 64. Calculate g(17).
47
Let q(l) = -2*l + 6. Give q(-9).
24
Let i(n) = -n**3 + 5*n**2 + 9*n - 13. What is i(6)?
5
Let y(o) = -17*o. What is y(-2)?
34
Let c(r) = 11*r - 42. Determine c(4).
2
Let c(g) = -g**3 - 3*g - 8. Calculate c(-4).
68
Let k(r) = -8*r + 1. Calculate k(1).
-7
Let q(l) = l + 2. What is q(5)?
7
Let x(s) = -7*s + 38. Determine x(5).
3
Let r(o) = 31*o**2 - 8*o. Give r(1).
23
Let z(w) = 4*w**3 - 8*w**2 - 5*w + 3. Calculate z(-1).
-4
Let v(g) = -128*g - 1783. Calculate v(-14).
9
Let d(c) = 7*c + 39. Give d(-4).
11
Let c(i) = i**3 + 4*i**2 - 4*i - 2. Give c(-5).
-7
Let h(a) = -a**3 + 20*a**2 - a + 7. Give h(20).
-13
Let p(y) = -y**3 - 2*y**2 - 2*y + 2. What is p(-2)?
6
Let f(t) = -t**2 - 11*t + 25. What is f(-11)?
25
Let w(a) = a**2 + 4*a - 4. Give w(-8).
28
Let n(z) = z**2 + 12*z + 23. Give n(-7).
-12
Let r(d) = -d**3 + d**2 + 2*d - 1. Calculate r(3).
-13
Let i(m) = m + 11. Calculate i(-3).
8
Let z(g) = -4*g - 85. Calculate z(-23).
7
Let k(m) = -6*m**3 - 1. What is k(1)?
-7
Let t(p) = -p**3 + 9*p**2 - 11*p + 10. Calculate t(8).
-14
Let z(l) = 2*l. Calculate z(2).
4
Let b(l) = -l**3 + l**2 - 5*l. Calculate b(2).
-14
Let c(p) = 36*p - 8. What is c(2)?
64
Let t(z) = 2*z**2 + 7*z - 13. Calculate t(-5).
2
Let i(l) = l**3 - 14*l**2 - 2*l + 26. Give i(14).
-2
Let y(q) = -6*q**2 + 3*q + 7. What is y(-4)?
-101
Let d(h) = 7*h - 63. Calculate d(8).
-7
Let i(j) = j**3 + 4*j**2 - 14*j - 20. Give i(-6).
-8
Let d(x) = x**3 + 12*x**2 - 8*x - 9. Give d(-12).
87
Let g(r) = r**2 - 12*r + 8. Give g(7).
-27
Let k(m) = 6*m**3 - 3*m + 2. Calculate k(2).
44
Let s(p) = 51*p - 260. Determine s(5).
-5
Let d(l) = -l**3 + 2*l**2 + 2*l + 2. Give d(3).
-1
Let p(s) = s**3 - 4*s**2 + 2*s + 3. Calculate p(7).
164
Let t(l) = l**3 + 7*l**2 - 3*l - 9. Give t(-8).
-49
Let o(h) = -h - 6. Determine o(-6).
0
Let l(m) = 22*m**2 + 1. Give l(1).
23
Let c(f) = -f**3 - 7*f**2 + f - 3. Determine c(-7).
-10
Let p(u) = -2*u**3 - 5*u**2 - u + 6. What is p(-3)?
18
Let m(x) = -3*x - 23. What is m(-3)?
-14
Let o(f) = -f**2 + 8. Calculate o(4).
-8
Let b(v) = -3*v**2 - 5*v + 9. Determine b(-5).
-41
Let o(k) = k**3 + 4*k**2 - 3*k + 6. Determine o(-5).
-4
Let p(f) = 2*f**2 - 3. Determine p(-1).
-1
Let h(t) = 27*t - 36. Determine h(2).
18
Let q(d) = 5*d**3. Give q(1).
5
Let t(w) = -w**3 + 5*w**2 + 7*w - 4. Give t(6).
2
Let s(c) = 3*c**2 - 16*c - 36. Calculate s(9).
63
Let z(o) = -o**3 + 7*o**2 + 5*o. Give z(8).
-24
Let u(f) = -f**3 + 11*f**2 + 18*f - 81. Determine u(12).
-9
Let o(j) = 3*j. What is o(2)?
6
Let v(f) = 2*f**2 - 5*f - 8. Calculate v(6).
34
Let h(k) = -k**2 + 14*k + 17. Calculate h(16).
-15
Let g(l) = -l**2 + 21*l - 35. Calculate g(20).
-15
Let i(k) = 24*k - 42. What is i(2)?
6
Let y(v) = 3*v**2 - v. Determine y(-1).
4
Let o(v) = -v**2 - v + 11. Give o(0).
11
Let f(b) = -b**3 + 11*b**2 + 3*b + 16. Calculate f(12).
-92
Let c(p) = -p**2 + p - 1. What is c(-3)?
-13
Let y(g) = g**3 + 18*g**2 + 15*g - 2. What is y(-17)?
32
Let v(f) = 17*f - 69. What is v(7)?
50
Let s(n) = -n**3 + 43*n**2 + 2*n - 92. Calculate s(43).
-6
Let u(z) = -4*z**2 - 3*z + 6. Give u(2).
-16
Let q(x) = -x**2 - 6*x + 17. Give q(-10).
-23
Let p(w) = w**2 - 6*w + 10. What is p(3)?
1
Let v(g) = g**2 - 13*g + 11. Give v(10).
-19
Let v(w) = -w**3 + 5*w**2 - 5*w + 5. Calculate v(4).
1
Let b(q) = -q**3 + 20*q**2 - 48*q - 39. Give b(17).
12
Let h(c) = 4*c**2 - 3*c - 3. Determine h(-5).
112
Let a(r) = -6*r**2 + 3*r + 1. Calculate a(2).
-17
Let t(r) = -7*r + 27. Give t(9).
-36
Let y(r) = -4*r + 11. What is y(6)?
-13
Let m(u) = -3*u + 58. What is m(-9)?
85
Let l(r) = r**3 - r. Calculate l(-2).
-6
Let w(c) = -c**3 - 13*c**2 + 10*c + 125. Calculate w(-13).
-5
Let f(u) = u**2 - 23*u - 6. Give f(24).
18
Let p(w) = 35*w + 19. What is p(1)?
54
Let g(k) = 2*k**2 - 57*k + 52. What is g(27)?
-29
Let n(s) = s - 5. Determine n(14).
9
Let g(o) = o**3 - 7*o**2 + o + 5. Give g(6).
-25
Let a(w) = w**3 + 5*w**2 - 6*w - 4. Determine a(-6).
-4
Let d(h) = h**3 + 10*h**2 + 4*h + 8. Calculate d(-10).
-32
Let q(f) = 7*f - 19. What is q(0)?
-19
Let n(g) = 3*g**3 - 2*g**2 - 17*g + 39. Give n(2).
21
Let f(i) = 22*i - 389. Calculate f(17).
-15
Let k(i) = 2*i**3 - 2*i**2 - 4*i. What is k(2)?
0
Let h(b) = b**2 + 16*b + 5. What is h(-5)?
-50
Let v(h) = h**2 + 16*h + 19. Determine v(-14).
-9
Let h(a) = -11*a - 117. What is h(-10)?
-7
Let p(h) = 10*h**2 - h + 3. Give p(0).
3
Let p(w) = -w**3 - 8*w**2 + 6*w - 4. Determine p(-9).
23
Let q(u) = u**3 - 8*u**2 - 2*u + 14. Determine q(8).
-2
Let u(i) = i - 3. Give u(6).
3
Let m(f) = -f - 37. Calculate m(0).
-37
Let t(s) = -2*s**3 + 2*s**2 + 3*s - 5. Calculate t(2).
-7
Let n(i) = i - 28. Determine n(8).
-20
Let a(t) = 3*t**2 + 1. Calculate a(-1).
4
Let g(p) = p**3 - 4*p + 3. Give g(3).
18
Let n(j) = 2*j + 27. Give n(-8).
11
Let f(w) = w**3 + 4*w**2 - 2*w + 8. Determine f(-5).
-7
Let u(a) = a**3 + 2*a**2 + 6*a + 2. What is u(-2)?
-10
Let p(r) = 27*r + 742. Determine p(-27).
13
Let w(d) = -4*d - 1. Calculate w(2).
-9
Let k(l) = 3*l**3 - 3*l**2 + 4*l + 1. What is k(2)?
21
Let x(y) = 16*y - 71. Give x(4).
-7
Let j(a) = a**2 + 8*a - 6. What is j(-5)?
-21
Let o(k) = k**3 - 12*k**2 + 13*k - 5. Calculate o(11).
17
Let p(c) = -c**3 - 4*c**2 - 8*c + 1. Calculate p(-3).
16
Let g(a) = -a**3 + 6*a**2 + 6*a + 3. Calculate g(6).
39
Let q(h) = -5*h + 59. Give q(13).
-6
Let f(i) = i**2 + 7*i + 4. Calculate f(-6).
-2
Let h(i) = 3*i**3 - 3*i**2 + i + 1. Calculate h(2).
15
Let k(i) = -i**2 + 11*i + 8. What is k(11)?
8
Let j(g) = -g**3 - 9*g**2 - 7*g + 1. Determine j(-8).
-7
Let z(v) = -122*v - 853. Determine z(-7).
1
Let x(w) = -9*w**2 + w - 2. Calculate x(1).
-10
Let t(r) = -2*r**3 + 4*r**2 + 3*r - 12. Give t(3).
-21
Let o(k) = k**3 - 6*k**2 - 3*k - 21. Determine o(7).
7
Let i(f) = -2*f**2 + 18*f - 11. Determine i(10).
-31
Let n(s) = -2*s + 18. Give n(2).
14
Let i(s) = 15*s + 14. What is i(9)?
149
Let z(u) = -18*u + 48. Determine z(3).
-6
Let i(a) = -2*a**2 + 3*a - 6. What is i(4)?
-26
Let k(o) = -o**3 + 7*o**2 - 3*o - 20. Calculate k(6).
-2
Let y(u) = 6*u**2 + 7*u - 4. Give y(-4).
64
Let m(p) = p**2 + 5*p + 4. Give m(-5).
4
Let s(y) = -2*y**2 + 31*y + 5. Calculate s(16).
-11
Let g(t) = t**2 - 7*t - 6. Calculate g(6).
-12
Let u(w) = 2*w - 105. What is u(13)?
-79
Let r(i) = i + 9. Calculate r(-11).
-2
Let d(u) = -u + 22. Calculate d(9).
13
Let b(j) = j**2 - 19*j + 80. Give b(12).
-4
Let u(t) = -t**3 - 21*t**2 - 17*t + 17. What is u(-20)?
-43
Let m(w) = 11*w - 56. Give m(5).
-1
Let m(v) = -v**3 + 24*v**2 - 23*v - 4. Determine m(23).
-4
Let g(u) = 2*u + 33. What is g(-16)?
1
Let c(b) = b**3 - 38*b**2 + 35*b + 64. Calculate c(37).
-10
Let z(l) = l**3 - 21*l**2 + 39*l - 19. What is z(19)?
0
Let n(u) = 12*u**3 - u**2 - u + 1. What is n(1)?
11
Let s(t) = 3*t + 1. Give s(3).
10
Let j(d) = -d**2 + 13*d - 25. Determine j(12).
-13
Let a(l) = l**3 + 17*l**2 - 20*l - 16. Determine a(-18).
20
Let w(k) = k**3 - 24*k**2 + 22*k + 12. Determine w(23).
-11
Let s(b) = -b**3 - 36*b**2 - 39*b + 39. Calculate s(-35).
179
Let u(j) = -j**2 + 40*j - 392. Calculate u(24).
-8
Let g(m) = -4*m**2 + 2*m + 2. What is g(-2)?
-18
Let w(k) = 3*k. Give w(-8).
-24
Let a(w) = w**2 - 4*w - 10. Determine a(-6).
50
Let b(o) = o + 13. Give b(-9).
4
Let v(o) = -6*o - 16. Calculate v(-11).
50
Let i(w) = -51*w + 2. Give i(1).
-49
Let i(v) = v**2 + 12*v + 53. What is i(-6)?
17
Let m(a) = 2*a**3 - 7*a**2 - 5*a - 1. What is m(4)?
-5
Let t(p) = -p - 5. What is t(-7)?
2
Let a(d) = d - 19. Give a(17).
-2
Let t(v) = v**2 + 5. Give t(-4).
21
Let x(o) = o**3 - 13*o**2 + 26*o - 39. Give x(11).
5
Let p(j) = -37*j**3 + j**2 + j + 1. Give p(-1).
38
Let l(d) = -d**2 + d + 3. Determine l(6).
-27
Let x(l) = 11*l**3 - 3*l**2 - l + 3. What is x(2)?
77
Let y(v) = -18*v + 240. Calculate y(14).
-12
Let k(o) = o**2 + 13*o - 20. Give k(-12).
-32
Let l(a) = -a + 4. Calculate l(-4).
8
Let h(r) = r**3 + 18*r**2 - 20*r - 26. Determine h(-19).
-7
Let f(d) = -4*d**2 + 10*d + 3. Give f(3).
-3
Let t(c) = c**2 - 11*c - 16. Calculate t(16).
64
Let k(q) = q**3 - q**2 - q - 3. Give k(0).
-3
Let u(d) = d**2 - 30*d - 4. Give u(30).
-4
Let y(u) = u**3 - 13*u**2 + 23*u - 17. Give y(11).
-6
Let w(j) = j**3 + 11*j**2 + 18*j - 6. Calculate w(-9).
-6
Let c(y) = -2*y**3 + 45*y*